 l(d) = d**3 + 10*d**2 - 8*d + 6. Is l(-10) prime?
False
Let i = -203 + 292. Is 2 - (2 - (i + 0)) composite?
False
Let s(d) = -14*d**2 - 46*d - 39. Suppose -c - 18 = -5*q, 0 = 3*q - c - 0 - 10. Let o(z) = 5*z**2 + 15*z + 13. Let t(j) = q*s(j) + 11*o(j). Is t(-9) prime?
False
Let k(c) = c + 151. Let l be k(0). Is l/3 - (-10)/15 prime?
False
Suppose 2*g + 3*k = 8*k + 1805, 0 = 3*k + 9. Is g prime?
False
Suppose -2*c + 6716 = 2*n, 4*n - 2*c = -7147 + 20585. Is n prime?
True
Let f(g) = -g - 4. Let r be f(-5). Let m(y) = r + 0 + 2*y - 15*y**2 + 67*y**2 - 3*y. Is m(-2) a composite number?
False
Let f = -13 + 35. Suppose 0 = t - 3*m + f, -m - 16 = 2*t - 0*m. Let g = t + 14. Is g a composite number?
True
Is 1/(5*4/2980) a prime number?
True
Let f(u) = -3*u**2 - 7*u - 6. Suppose 3*m = -m - 20. Let b be f(m). Let g = b + 89. Is g a composite number?
False
Let n(y) = 35*y + 7. Let a be 9*(22/6 + -3). Is n(a) a prime number?
False
Let o(w) = -243*w + 5. Let f(v) = -3279*v + 68. Let x(y) = -193460*y + 4012. Let r(z) = 119*f(z) - 2*x(z). Let g(t) = 68*o(t) - 5*r(t). Is g(-1) a prime number?
False
Suppose w - 39 = -0*w. Is w a prime number?
False
Let g = 52 - 22. Let m = g + -19. Let p(j) = j**2 - 7*j + 11. Is p(m) a composite number?
True
Let x be (2 - 3) + 1 + 3. Suppose 0 = 4*i - 5*c + 12, -4*i + x*c - 8 = -2*i. Suppose -l = 3*h + i*h - 35, 5*l - 70 = -4*h. Is l a prime number?
False
Let h(x) = -3*x**2 - 12*x + 5. Let y(i) = -7*i**2 - 23*i + 11. Let o(t) = -9*h(t) + 4*y(t). Is o(10) a prime number?
True
Let n = -11 - -8. Let p(a) = -14*a**3 + 3*a**2 + 4*a. Is p(n) prime?
False
Is (-4017)/(-3) + (-4 - (1 + -3)) a prime number?
False
Let k(d) = -d**3 - 13*d**2 + 12*d - 5. Is k(-15) a prime number?
False
Let h(y) = 9*y**2 + 2*y + 2. Is h(-5) composite?
True
Let a(x) = -x**2 - 11*x + 7. Let p(r) = r**3 + 8*r**2 + 8*r + 2. Let h be p(-7). Let t be a(h). Let n = 0 + t. Is n prime?
True
Suppose 2 = 2*f, 3*h - 28 + 198 = 5*f. Let q = h + 122. Is q a prime number?
True
Let q = -49 + 175. Suppose -3*d + q = 27. Is d a composite number?
True
Let k = -71 - -41. Let s = 92 + k. Suppose -s = -i - 9. Is i a composite number?
False
Is 2/(-6) - (2 - (-23416)/(-12)) composite?
False
Is 0 + (4 - 5) - -1070 composite?
False
Let d(r) = 10*r**2 + 11*r - 5. Is d(-6) a prime number?
False
Suppose 2*o + 560 = -1140. Let b = o - -1738. Is ((-1)/(-2))/(4/b) a prime number?
False
Let f = 0 - 1. Let o = f - -8. Is o a composite number?
False
Suppose 11*k - 10*k - 2823 = 0. Is k a composite number?
True
Is (-3)/(4/(-152)*2) a composite number?
True
Let a(s) = -2*s**2 + 3*s + 3. Let n(t) = -t**2 + 2*t + 4. Let l(w) = -5*a(w) + 4*n(w). Let x(m) = -5*m**2 + 2*m + 1. Let f be x(-1). Is l(f) composite?
True
Suppose -5*b + 25 = 5*i + 65, 0 = -i + b - 6. Let x(o) = -99*o - 4. Is x(i) a prime number?
False
Let w(q) = 26*q**2 + 7*q - 4. Is w(7) a prime number?
True
Suppose 12 = 2*f - 0*f. Suppose -f*o + 75 = -o. Is o prime?
False
Suppose 6*a - 6 = 7*a. Is (6/(-4))/(a/308) composite?
True
Let o(d) = 8*d**2 - 2*d - 11. Let y be (4/(-5))/(20/(-150)). Is o(y) a prime number?
False
Suppose -q + 86 = -b, 5*b + 12 - 2 = 0. Suppose -7*s + 3*s = -q. Is s a composite number?
True
Let c be 13/(-4) - 1/(-4). Let i be 6/((-9)/c) - 0. Is ((-89)/i)/(2/(-4)) prime?
True
Suppose z - 4*r = -4*z, -2*r = 2*z - 18. Suppose -z*f + 2*v + 106 = -0*v, -5*f - v + 122 = 0. Is f a prime number?
False
Let m(f) = 2*f**2 + 2*f - 7. Is m(-6) prime?
True
Let d = 275 + 24. Is d a composite number?
True
Suppose -s - 28 = 5*q, 4*q + 0*q = 4*s - 8. Let i be (-1)/(-2*s/(-18)). Is -1 - ((4 - i) + -151) prime?
True
Suppose 6*k - 8736 = 18186. Is k a composite number?
True
Let n be -2 + (6 - 3 - -3). Suppose -2*q + 3*q = -n*t + 8, 22 = 2*t - 4*q. Is t/4 - (-250)/40 a prime number?
True
Let t(p) = -3*p**3 + p**2 + 2*p. Let u be t(3). Let a = -31 - u. Suppose -2*k + a = -k. Is k composite?
True
Let g(f) = 1. Let b(t) = -3*t - 11. Let c = -5 + -1. Let r(s) = c*g(s) - b(s). Is r(10) a composite number?
True
Suppose -4*c - 2 = 5*w + 4, -3*w + 5*c + 26 = 0. Suppose v - w*s - 16 = 0, -2*v + 26 + 3 = -5*s. Is v composite?
True
Let v(l) be the second derivative of -1/20*l**5 + 0 + 5/2*l**2 - 1/4*l**4 + 1/2*l**3 - 4*l. Is v(-4) a prime number?
False
Let o(k) be the third derivative of 7*k**4/12 - k**3/6 + 3*k**2. Is o(5) composite?
True
Let c be (1 - 0) + (-3)/3. Suppose c = -5*n - 4*v + 905, -v - 1 = 4. Suppose -w = -5*f - 62, 0 = -3*w - w - f + n. Is w prime?
True
Let j(s) = s**3 + 3*s**2 - 6*s - 8. Let l be j(-6). Let f = l + 139. Is f a prime number?
True
Let n(i) = 5*i - 1. Let j be n(5). Suppose 0 = -4*a, a + 87 = 3*q - 0*q. Let s = j + q. Is s composite?
False
Let s(o) = 70*o + 2. Let m be s(1). Let i = m - -47. Is i composite?
True
Is -6*-109*4/12 composite?
True
Let d(b) = -135*b**3 - 2*b - 2. Is d(-2) a prime number?
False
Let p(n) = 10*n**2 + 4*n - 1. Let u be p(-5). Let v = 226 - -94. Let t = v - u. Is t composite?
True
Let v be ((-16)/20)/((-1)/5). Suppose 0 = 2*g - 3*g - 3*w + 16, -20 = v*w. Is g composite?
False
Let v(a) = -39*a**2 - 2*a - 8. Let n be v(5). Let i = -556 - n. Is i a composite number?
True
Suppose 2*d - 3*w - 349 = 0, 0 = 2*d - 4*d - 4*w + 370. Is d prime?
True
Suppose 5*a - 2*a - 3*t = 2133, 2129 = 3*a - 5*t. Is a composite?
True
Suppose -33 = -3*f - 0. Suppose d + f = 100. Is d prime?
True
Suppose 8*x = 834 + 86. Is x a composite number?
True
Let l(p) be the second derivative of -p**5/20 - p**4/2 + 5*p**3/6 + 7*p**2/2 - 5*p. Is l(-7) a composite number?
True
Let o(z) = 13*z**3 - 2*z**2 - 2*z + 4. Is o(3) a composite number?
False
Suppose 0 = -4*g - 0*g + 20. Let s(j) = -3*j**2 + 5*j + 5. Let p(o) = 4*o**2 - 6*o - 6. Let c(z) = g*s(z) + 4*p(z). Is c(3) a prime number?
True
Let u = 82 + 185. Is u a composite number?
True
Let p = -177 - -362. Is p composite?
True
Let b = -742 - -1329. Is b prime?
True
Suppose -1 = i, -i + 1136 = 3*b - 0*b. Is b a composite number?
False
Suppose 6*h - 9*h + 573 = 0. Is h a prime number?
True
Let p(v) = -7*v**2 + 2*v + 0*v + 2 + 3*v + v**3. Let i be p(6). Let t = 7 - i. Is t prime?
True
Suppose 0 = -4*r + 429 + 59. Is r a composite number?
True
Let q(m) = 73*m**2 + 5*m + 5. Let b be (-4)/(2/(-1)*-1). Is q(b) a prime number?
False
Suppose -6*b + 3*b + 15 = 0. Suppose 3*y - 3*x + 5 = y, 3*x = 9. Suppose -y*s + 2*h - 59 = -b*s, -5*s - h = -103. Is s a prime number?
False
Suppose 4*z - 5*y - 1266 = -230, -4*y = 0. Is z composite?
True
Is -677*(2/(-2) - 4) composite?
True
Suppose -53*c + 51*c = -1754. Is c composite?
False
Suppose 85*o - 81*o - 356 = 0. Is o prime?
True
Let p = 156 + -59. Is p composite?
False
Suppose -3*x - 30 = -8*x + 5*s, -2*x + 18 = -4*s. Is x prime?
True
Suppose -3*d - k - 30 = -8*d, -3*k = -2*d + 12. Let s = -93 - 97. Is 9/d*-2 - s prime?
False
Suppose -58*q = -55*q - 4083. Is q a prime number?
True
Let x(j) be the first derivative of 79*j**2 - j - 1. Is x(1) a composite number?
False
Suppose l - 320 = 11. Is l a composite number?
False
Let v = -2791 - -3908. Is v a prime number?
True
Let m = 223 + -2. Is m a composite number?
True
Let f(c) = 5*c**2 + 21*c + 29. Is f(-15) composite?
False
Suppose -8*u + 13*u = 10685. Let s = u + -1450. Is s prime?
False
Suppose h + 3 = -3. Let s(c) = 5*c**2 + 10*c + 11. Is s(h) prime?
True
Is (129 - 11)*1/2 prime?
True
Let u(v) = -6*v**3 - 3*v**2 + 2*v + 2. Is u(-3) a prime number?
True
Let q = -98 + 417. Is q composite?
True
Suppose 124*f = 120*f + 11996. Is f a composite number?
False
Is (-5220)/40*4/(-6) a prime number?
False
Let h = -77 - -199. Let d = 387 - h. Is d a prime number?
False
Let q be -8*((-9)/(-6) - 2). Let i = 227 - -501. Suppose -i + 196 = -q*t. Is t composite?
True
Let x be 6 + 5/((-10)/4). Suppose -568 = -0*i + x*i. Let m = 231 + i. Is m a prime number?
True
Let r(p) = -464*p - 6. Is r(-1) prime?
False
Let n = 36 - -175. Is n a prime number?
True
Suppose -4*v + 121 + 147 = 0. Suppose -2*g + 4*r - v = r, 0 = -5*g - r - 193. Let n = 93 + g. Is n composite?
True
Let p = -95 - -28. Let r = p - -158. Is r prime?
False
Let n(s) = 23*s**2 - 2*s + 1. Is n(2) composite?
False
Let t = -88 - -231. Suppose -41 = -4*o + t. Is o composite?
True
Suppose -5*f - 1 = 9. Let i be (-3)/f - 5/10. Let v(y) = 10*y + 1. Is v(i) a 